{"id":8,"date":"2015-09-14T13:28:42","date_gmt":"2015-09-14T13:28:42","guid":{"rendered":"http:\/\/kindergarten.bezau.at\/?page_id=8"},"modified":"2018-09-18T11:26:46","modified_gmt":"2018-09-18T11:26:46","slug":"unser-leitfaden","status":"publish","type":"page","link":"http:\/\/kindergarten.bezau.at\/index.php\/unser-leitfaden\/","title":{"rendered":"Unser Leitfaden"},"content":{"rendered":"<p><strong>Hilf mir es, selbst zu tun<\/strong><\/p>\n<p>Der Drang, die eigenen Kr\u00e4fte zu erproben und selbstst\u00e4ndig zu werden, ist bei jedem Kind vorhanden. Wir ermutigen und unterst\u00fctzten die Kinder zum Beispiel beim Anziehen, Spiele selber aussuchen und wieder aufr\u00e4umen, Tisch decken, alleine essen und trinken, den Kindergartenweg alleine zu bew\u00e4ltigen usw.<\/p>\n<p>Selbstst\u00e4ndigkeit zu erproben ist f\u00fcr die Kinder sehr wichtig, weil sie nur so ihre eigenen Schw\u00e4chen und St\u00e4rken kennen lernen k\u00f6nnen. Nur so k\u00f6nnen sie eine eigene Meinung entwickeln. Und wie freuen such die Kinder, wenn sie stolz sagen k\u00f6nnen: &#8222;Schau, das habe ICH selbst gemacht!&#8220;<\/p>\n<p style=\"text-align: center;\"><em>&#8222;Sag es mir, und ich werde es vergessen, Zeige es mir, und ich werde es vielleicht behalten. Lass es mich tun, und ich werde es k\u00f6nnen.&#8220; (Konfuzius)<\/em><\/p>\n<p style=\"text-align: left;\"><strong>Wir geh\u00f6ren zusammen<\/strong><\/p>\n<p style=\"text-align: left;\">Integration geschieht unter dem Prinzip der Chancengleichheit. In zwei Integrationsgruppen werden altersgem\u00e4\u00df entwickelte Kinder, sowie auch Kinder mit Entwicklungsverz\u00f6gerungen, Verhaltensauff\u00e4lligkeiten, sowie k\u00f6rperlicher und geistiger Beeintr\u00e4chtigung individuell gef\u00f6rdert und so bestm\u00f6glich auf ihren sp\u00e4teren schulischen Alltag vorbereitet.<\/p>\n<p style=\"text-align: left;\">Durch vielf\u00e4ltige Angebote in Bereichen wie Sprache, Motorik, Kreativit\u00e4t, St\u00e4rkung der sozialen und emotionalen Kompetenzen werden die Kinder gef\u00f6rdert. Im gemeinsam gestalteten Kindergartenalltag lernen die Kinder auf spielerische Weise Mitverantwortung zu tragen und sie erfahren, wie Gemeinschaft gelebt und erlebt werden kann.<\/p>\n<p style=\"text-align: left;\">In unserer Gemeinschaft treffen unterschiedliche Kulturen und Sprachen aufeinander. Je mehr man voneinander wei\u00df, umso besser kann Integration gelingen. Daher steht bei diesem Thema das gegenseitige Kennenlernen im Vordergrund.<\/p>\n<p style=\"text-align: left;\">Wir sehen es als unsere Aufgabe, den Kindern zu zeigen, wie man respektvoll mit dem &#8222;Anderssein&#8220; umgehen und ein positives Miteinander leben kann.<\/p>\n<p style=\"text-align: left;\"><strong>Wir sprechen eine gemeinsame Sprache<\/strong><\/p>\n<p style=\"text-align: left;\">Sprache ist eine der wichtigsten Kommunikationsm\u00f6glichkeiten des Menschen. Mit Sprache teilen wir unseren Mitmenschen mit und \u00e4u\u00dfern unsere Bed\u00fcrfnisse.<\/p>\n<p style=\"text-align: left;\">Im Kindergarten Bezau hat die Sprachf\u00f6rderung einen hohen Stellenwert. Je besser sich ein Kind ausdr\u00fccken kann, umso leichter f\u00e4llt ihm der Umgang mit anderen Kinder und Erwachsenen.<\/p>\n<ul>\n<li style=\"text-align: left;\">die allgemeine Sprachf\u00f6rderung beginnt bei der Begr\u00fc\u00dfung am Morgen und endet, wenn das Kind nach Hause geht.<\/li>\n<li style=\"text-align: left;\">Die gezielte Sprachf\u00f6rderung erfolgt spielerisch und den kindlichen Bed\u00fcrfnissen entsprechend. Es werden den Kindern verschiedene Formen der Sprache n\u00e4her gebracht: Reime, Geschichten, Lieder, Puppenspiele, Rollenspiele, Singspiele, B\u00fccher,&#8230;<\/li>\n<\/ul>\n<p>Die gezielte Sprachf\u00f6rderung\u00a0 ist uns sehr wichtig. Sie findet in Kleingruppen, als auch alltagsintegriert statt. Ein wichtiger Teil dieser F\u00f6rderung ist die Elternarbeit. Nur durch die Unterst\u00fctzung des Elternhauses k\u00f6nnen positive Fortschritte in der Sprachf\u00f6rderung erzielt werden.<\/p>\n<p>&nbsp;<\/p>\n<p><strong>Hand in Hand&#8230; Schritt f\u00fcr Schritt&#8230;<\/strong><\/p>\n<p>Die Volksschule der Marktgemeinde Bezau liegt dem Kindergarten direkt gegen\u00fcber. Seit vielen Jahren pflegen wir einen engen Kontakt zur Direktorin und zum Lehrk\u00f6rper der Schule.<\/p>\n<p>Bei diversen Schul- und Kindergartenprojekten erleben sie, dass wir eine gro\u00dfe Gemeinschaft sind. Immer wieder werden unsere zuk\u00fcnftigen Schulkinder in die Volksschule eingeladen. So werden den Kindern \u00c4ngste genommen und die Vorfreude auf die Schule kann sich damit entwickeln.<\/p>\n<p>&nbsp;<\/p>\n","protected":false},"excerpt":{"rendered":"<p>Hilf mir es, selbst zu tun Der Drang, die eigenen Kr\u00e4fte zu erproben und selbstst\u00e4ndig zu werden, ist bei jedem Kind vorhanden. Wir ermutigen und unterst\u00fctzten die Kinder zum Beispiel beim Anziehen, Spiele selber aussuchen und wieder aufr\u00e4umen, Tisch decken, alleine essen und trinken, den Kindergartenweg alleine zu bew\u00e4ltigen usw. Selbstst\u00e4ndigkeit zu erproben ist f\u00fcr &hellip; <a href=\"http:\/\/kindergarten.bezau.at\/index.php\/unser-leitfaden\/\" class=\"more-link\"><span class=\"screen-reader-text\">Unser Leitfaden<\/span> weiterlesen <span class=\"meta-nav\">&rarr;<\/span><\/a><\/p>\n","protected":false},"author":1,"featured_media":0,"parent":0,"menu_order":0,"comment_status":"closed","ping_status":"closed","template":"","meta":{"footnotes":""},"_links":{"self":[{"href":"http:\/\/kindergarten.bezau.at\/index.php\/wp-json\/wp\/v2\/pages\/8"}],"collection":[{"href":"http:\/\/kindergarten.bezau.at\/index.php\/wp-json\/wp\/v2\/pages"}],"about":[{"href":"http:\/\/kindergarten.bezau.at\/index.php\/wp-json\/wp\/v2\/types\/page"}],"author":[{"embeddable":true,"href":"http:\/\/kindergarten.bezau.at\/index.php\/wp-json\/wp\/v2\/users\/1"}],"replies":[{"embeddable":true,"href":"http:\/\/kindergarten.bezau.at\/index.php\/wp-json\/wp\/v2\/comments?post=8"}],"version-history":[{"count":7,"href":"http:\/\/kindergarten.bezau.at\/index.php\/wp-json\/wp\/v2\/pages\/8\/revisions"}],"predecessor-version":[{"id":429,"href":"http:\/\/kindergarten.bezau.at\/index.php\/wp-json\/wp\/v2\/pages\/8\/revisions\/429"}],"wp:attachment":[{"href":"http:\/\/kindergarten.bezau.at\/index.php\/wp-json\/wp\/v2\/media?parent=8"}],"curies":[{"name":"wp","href":"https:\/\/api.w.org\/{rel}","templated":true}]}}

<p><strong>Hilf mir es, selbst zu tun</strong></p>
<p>Der Drang, die eigenen Kräfte zu erproben und selbstständig zu werden, ist bei jedem Kind vorhanden. Wir ermutigen und unterstützten die Kinder zum Beispiel beim Anziehen, Spiele selber aussuchen und wieder aufräumen, Tisch decken, alleine essen und trinken, den Kindergartenweg alleine zu bewältigen usw.</p>
<p>Selbstständigkeit zu erproben ist für die Kinder sehr wichtig, weil sie nur so ihre eigenen Schwächen und Stärken kennen lernen können. Nur so können sie eine eigene Meinung entwickeln. Und wie freuen such die Kinder, wenn sie stolz sagen können: &#8222;Schau, das habe ICH selbst gemacht!&#8220;</p>
<p style="text-align: center;"><em>&#8222;Sag es mir, und ich werde es vergessen, Zeige es mir, und ich werde es vielleicht behalten. Lass es mich tun, und ich werde es können.&#8220; (Konfuzius)</em></p>
<p style="text-align: left;"><strong>Wir gehören zusammen</strong></p>
<p style="text-align: left;">Integration geschieht unter dem Prinzip der Chancengleichheit. In zwei Integrationsgruppen werden altersgemäß entwickelte Kinder, sowie auch Kinder mit Entwicklungsverzögerungen, Verhaltensauffälligkeiten, sowie körperlicher und geistiger Beeinträchtigung individuell gefördert und so bestmöglich auf ihren späteren schulischen Alltag vorbereitet.</p>
<p style="text-align: left;">Durch vielfältige Angebote in Bereichen wie Sprache, Motorik, Kreativität, Stärkung der sozialen und emotionalen Kompetenzen werden die Kinder gefördert. Im gemeinsam gestalteten Kindergartenalltag lernen die Kinder auf spielerische Weise Mitverantwortung zu tragen und sie erfahren, wie Gemeinschaft gelebt und erlebt werden kann.</p>
<p style="text-align: left;">In unserer Gemeinschaft treffen unterschiedliche Kulturen und Sprachen aufeinander. Je mehr man voneinander weiß, umso besser kann Integration gelingen. Daher steht bei diesem Thema das gegenseitige Kennenlernen im Vordergrund.</p>
<p style="text-align: left;">Wir sehen es als unsere Aufgabe, den Kindern zu zeigen, wie man respektvoll mit dem &#8222;Anderssein&#8220; umgehen und ein positives Miteinander leben kann.</p>
<p style="text-align: left;"><strong>Wir sprechen eine gemeinsame Sprache</strong></p>
<p style="text-align: left;">Sprache ist eine der wichtigsten Kommunikationsmöglichkeiten des Menschen. Mit Sprache teilen wir unseren Mitmenschen mit und äußern unsere Bedürfnisse.</p>
<p style="text-align: left;">Im Kindergarten Bezau hat die Sprachförderung einen hohen Stellenwert. Je besser sich ein Kind ausdrücken kann, umso leichter fällt ihm der Umgang mit anderen Kinder und Erwachsenen.</p>
<ul>
<li style="text-align: left;">die allgemeine Sprachförderung beginnt bei der Begrüßung am Morgen und endet, wenn das Kind nach Hause geht.</li>
<li style="text-align: left;">Die gezielte Sprachförderung erfolgt spielerisch und den kindlichen Bedürfnissen entsprechend. Es werden den Kindern verschiedene Formen der Sprache näher gebracht: Reime, Geschichten, Lieder, Puppenspiele, Rollenspiele, Singspiele, Bücher,&#8230;</li>
</ul>
<p>Die gezielte Sprachförderung  ist uns sehr wichtig. Sie findet in Kleingruppen, als auch alltagsintegriert statt. Ein wichtiger Teil dieser Förderung ist die Elternarbeit. Nur durch die Unterstützung des Elternhauses können positive Fortschritte in der Sprachförderung erzielt werden.</p>
<p>&nbsp;</p>
<p><strong>Hand in Hand&#8230; Schritt für Schritt&#8230;</strong></p>
<p>Die Volksschule der Marktgemeinde Bezau liegt dem Kindergarten direkt gegenüber. Seit vielen Jahren pflegen wir einen engen Kontakt zur Direktorin und zum Lehrkörper der Schule.</p>
<p>Bei diversen Schul- und Kindergartenprojekten erleben sie, dass wir eine große Gemeinschaft sind. Immer wieder werden unsere zukünftigen Schulkinder in die Volksschule eingeladen. So werden den Kindern Ängste genommen und die Vorfreude auf die Schule kann sich damit entwickeln.</p>
<p>&nbsp;</p>

<p>Hilf mir es, selbst zu tun Der Drang, die eigenen Kräfte zu erproben und selbstständig zu werden, ist bei jedem Kind vorhanden. Wir ermutigen und unterstützten die Kinder zum Beispiel beim Anziehen, Spiele selber aussuchen und wieder aufräumen, Tisch decken, alleine essen und trinken, den Kindergartenweg alleine zu bewältigen usw. Selbstständigkeit zu erproben ist für &hellip; <a href="http://kindergarten.bezau.at/index.php/unser-leitfaden/" class="more-link"><span class="screen-reader-text">Unser Leitfaden</span> weiterlesen <span class="meta-nav">&rarr;</span></a></p>
